{"id":13173,"date":"2020-01-04T14:25:56","date_gmt":"2020-01-04T13:25:56","guid":{"rendered":"http:\/\/fotonet.cz\/wordpress\/?post_type=avada_portfolio&#038;p=13173"},"modified":"2022-07-21T11:29:30","modified_gmt":"2022-07-21T09:29:30","slug":"textilie-polyesterova-260-g","status":"publish","type":"avada_portfolio","link":"https:\/\/fotonet.cz\/wordpress\/portfolio-items\/textilie-polyesterova-260-g\/","title":{"rendered":"Textilie polyesterov\u00e1 260 g"},"content":{"rendered":"<div class=\"fusion-fullwidth fullwidth-box fusion-builder-row-1 nonhundred-percent-fullwidth non-hundred-percent-height-scrolling\" style=\"--awb-border-radius-top-left:0px;--awb-border-radius-top-right:0px;--awb-border-radius-bottom-right:0px;--awb-border-radius-bottom-left:0px;--awb-padding-top:4%;--awb-padding-right:4%;--awb-padding-bottom:4%;--awb-padding-left:4%;--awb-flex-wrap:wrap;\" ><div class=\"fusion-builder-row fusion-row\"><div class=\"fusion-layout-column fusion_builder_column fusion-builder-column-0 fusion_builder_column_1_2 1_2 fusion-one-half fusion-column-first\" style=\"--awb-bg-size:cover;width:50%;width:calc(50% - ( ( 4% ) * 0.5 ) );margin-right: 4%;\"><div class=\"fusion-column-wrapper fusion-flex-column-wrapper-legacy\"><div class=\"fusion-image-carousel fusion-image-carousel-auto fusion-image-carousel-1 lightbox-enabled\"><div class=\"awb-carousel awb-swiper awb-swiper-carousel awb-carousel--carousel awb-swiper-dots-position-bottom\" data-layout=\"carousel\" data-autoplay=\"no\" data-autoplayspeed=\"2500\" data-autoplaypause=\"no\" data-columns=\"1\" data-columnsmedium=\"1\" data-columnssmall=\"1\" data-itemmargin=\"13\" data-itemwidth=\"180\" data-touchscroll=\"no\" data-freemode=\"no\" data-imagesize=\"auto\" data-scrollitems=\"0\" data-centeredslides=\"no\" data-rotationangle=\"50\" data-depth=\"100\" data-speed=\"500\" data-shadow=\"no\" data-pagination=\"bullets\" style=\"--awb-columns:1;\"><div class=\"swiper-wrapper awb-image-carousel-wrapper fusion-flex-align-items-center\"><div class=\"swiper-slide\"><div class=\"fusion-carousel-item-wrapper\"><div class=\"fusion-image-wrapper hover-type-none\"><a data-rel=\"iLightbox[image_carousel_1]\" data-title=\"textilie_polyesterova_230g\" aria-label=\"textilie_polyesterova_230g\" href=\"http:\/\/fotonet.cz\/wordpress\/wp-content\/uploads\/2020\/05\/textilie_polyesterova_230g.jpg\" target=\"_self\"><img decoding=\"async\" width=\"1920\" height=\"1080\" src=\"https:\/\/fotonet.cz\/wordpress\/wp-content\/uploads\/2020\/05\/textilie_polyesterova_230g.jpg\" class=\"attachment-full size-full\" alt=\"\" srcset=\"https:\/\/fotonet.cz\/wordpress\/wp-content\/uploads\/2020\/05\/textilie_polyesterova_230g-200x113.jpg 200w, https:\/\/fotonet.cz\/wordpress\/wp-content\/uploads\/2020\/05\/textilie_polyesterova_230g-300x169.jpg 300w, https:\/\/fotonet.cz\/wordpress\/wp-content\/uploads\/2020\/05\/textilie_polyesterova_230g-400x225.jpg 400w, https:\/\/fotonet.cz\/wordpress\/wp-content\/uploads\/2020\/05\/textilie_polyesterova_230g-600x338.jpg 600w, https:\/\/fotonet.cz\/wordpress\/wp-content\/uploads\/2020\/05\/textilie_polyesterova_230g-768x432.jpg 768w, https:\/\/fotonet.cz\/wordpress\/wp-content\/uploads\/2020\/05\/textilie_polyesterova_230g-800x450.jpg 800w, https:\/\/fotonet.cz\/wordpress\/wp-content\/uploads\/2020\/05\/textilie_polyesterova_230g-1024x576.jpg 1024w, https:\/\/fotonet.cz\/wordpress\/wp-content\/uploads\/2020\/05\/textilie_polyesterova_230g-1200x675.jpg 1200w, https:\/\/fotonet.cz\/wordpress\/wp-content\/uploads\/2020\/05\/textilie_polyesterova_230g-1536x864.jpg 1536w, https:\/\/fotonet.cz\/wordpress\/wp-content\/uploads\/2020\/05\/textilie_polyesterova_230g.jpg 1920w\" sizes=\"(max-width: 1920px) 100vw, 1920px\" \/><\/a><\/div><\/div><\/div><div class=\"swiper-slide\"><div class=\"fusion-carousel-item-wrapper\"><div class=\"fusion-image-wrapper hover-type-none\"><a data-rel=\"iLightbox[image_carousel_1]\" data-title=\"260_textilie_polyesterova\" aria-label=\"260_textilie_polyesterova\" href=\"http:\/\/fotonet.cz\/wordpress\/wp-content\/uploads\/2019\/06\/260_textilie_polyesterova.jpg\" target=\"_self\"><img decoding=\"async\" width=\"1417\" height=\"797\" src=\"https:\/\/fotonet.cz\/wordpress\/wp-content\/uploads\/2019\/06\/260_textilie_polyesterova.jpg\" class=\"attachment-full size-full\" alt=\"\" srcset=\"https:\/\/fotonet.cz\/wordpress\/wp-content\/uploads\/2019\/06\/260_textilie_polyesterova-200x112.jpg 200w, https:\/\/fotonet.cz\/wordpress\/wp-content\/uploads\/2019\/06\/260_textilie_polyesterova-300x169.jpg 300w, https:\/\/fotonet.cz\/wordpress\/wp-content\/uploads\/2019\/06\/260_textilie_polyesterova-400x225.jpg 400w, https:\/\/fotonet.cz\/wordpress\/wp-content\/uploads\/2019\/06\/260_textilie_polyesterova-600x337.jpg 600w, https:\/\/fotonet.cz\/wordpress\/wp-content\/uploads\/2019\/06\/260_textilie_polyesterova-768x432.jpg 768w, https:\/\/fotonet.cz\/wordpress\/wp-content\/uploads\/2019\/06\/260_textilie_polyesterova-800x450.jpg 800w, https:\/\/fotonet.cz\/wordpress\/wp-content\/uploads\/2019\/06\/260_textilie_polyesterova-1024x576.jpg 1024w, https:\/\/fotonet.cz\/wordpress\/wp-content\/uploads\/2019\/06\/260_textilie_polyesterova-1200x675.jpg 1200w, https:\/\/fotonet.cz\/wordpress\/wp-content\/uploads\/2019\/06\/260_textilie_polyesterova.jpg 1417w\" sizes=\"(max-width: 1417px) 100vw, 1417px\" \/><\/a><\/div><\/div><\/div><div class=\"swiper-slide\"><div class=\"fusion-carousel-item-wrapper\"><div class=\"fusion-image-wrapper hover-type-none\"><a data-rel=\"iLightbox[image_carousel_1]\" data-title=\"260_textilie_polyesterova_zadek\" aria-label=\"260_textilie_polyesterova_zadek\" href=\"http:\/\/fotonet.cz\/wordpress\/wp-content\/uploads\/2019\/06\/260_textilie_polyesterova_zadek.jpg\" target=\"_self\"><img decoding=\"async\" width=\"1417\" height=\"797\" src=\"https:\/\/fotonet.cz\/wordpress\/wp-content\/uploads\/2019\/06\/260_textilie_polyesterova_zadek.jpg\" class=\"attachment-full size-full\" alt=\"\" srcset=\"https:\/\/fotonet.cz\/wordpress\/wp-content\/uploads\/2019\/06\/260_textilie_polyesterova_zadek-200x112.jpg 200w, https:\/\/fotonet.cz\/wordpress\/wp-content\/uploads\/2019\/06\/260_textilie_polyesterova_zadek-300x169.jpg 300w, https:\/\/fotonet.cz\/wordpress\/wp-content\/uploads\/2019\/06\/260_textilie_polyesterova_zadek-400x225.jpg 400w, https:\/\/fotonet.cz\/wordpress\/wp-content\/uploads\/2019\/06\/260_textilie_polyesterova_zadek-600x337.jpg 600w, https:\/\/fotonet.cz\/wordpress\/wp-content\/uploads\/2019\/06\/260_textilie_polyesterova_zadek-768x432.jpg 768w, https:\/\/fotonet.cz\/wordpress\/wp-content\/uploads\/2019\/06\/260_textilie_polyesterova_zadek-800x450.jpg 800w, https:\/\/fotonet.cz\/wordpress\/wp-content\/uploads\/2019\/06\/260_textilie_polyesterova_zadek-1024x576.jpg 1024w, https:\/\/fotonet.cz\/wordpress\/wp-content\/uploads\/2019\/06\/260_textilie_polyesterova_zadek-1200x675.jpg 1200w, https:\/\/fotonet.cz\/wordpress\/wp-content\/uploads\/2019\/06\/260_textilie_polyesterova_zadek.jpg 1417w\" sizes=\"(max-width: 1417px) 100vw, 1417px\" \/><\/a><\/div><\/div><\/div><\/div><div class=\"awb-swiper-button awb-swiper-button-prev\"><i class=\"awb-icon-angle-left\" aria-hidden=\"true\"><\/i><\/div><div class=\"awb-swiper-button awb-swiper-button-next\"><i class=\"awb-icon-angle-right\" aria-hidden=\"true\"><\/i><\/div><\/div><\/div><div class=\"fusion-button-wrapper\"><a class=\"fusion-button button-flat fusion-button-default-size button-default fusion-button-default button-1 fusion-button-default-span fusion-button-default-type\" target=\"_self\" href=\"http:\/\/fotonet.cz\/wordpress\/wp-content\/uploads\/2020\/07\/Fotonet_ICM_Canon_4000.zip\"><i class=\"fa-arrow-down fas awb-button__icon awb-button__icon--default button-icon-left\" aria-hidden=\"true\"><\/i><span class=\"fusion-button-text awb-button__text awb-button__text--default\">ST\u00c1HNOUT BAREVN\u00c9 ICM PROFILY<\/span><\/a><\/div><div class=\"fusion-clearfix\"><\/div><\/div><\/div><div class=\"fusion-layout-column fusion_builder_column fusion-builder-column-1 fusion_builder_column_1_2 1_2 fusion-one-half fusion-column-last\" style=\"--awb-bg-size:cover;width:50%;width:calc(50% - ( ( 4% ) * 0.5 ) );\"><div class=\"fusion-column-wrapper fusion-flex-column-wrapper-legacy\"><div class=\"fusion-text fusion-text-1\"><h2 class=\"fusion-responsive-typography-calculated\" style=\"--fontsize: 28; line-height: 1.5;\" data-fontsize=\"28\" data-lineheight=\"42px\">TEXTILIE POLYESTEROV\u00c1 260 g<\/h2>\n<p>Univerz\u00e1ln\u00ed textilie s gram\u00e1\u017e\u00ed 260 g\/m2 a matn\u00fdm povrchem a decentn\u00ed texturou pro um\u011bleck\u00fd tisk. Vzhledem k tomu, \u017ee i p\u0159es svoji n\u00edzkou cenu dosahuje v\u00fdsledk\u016f srovnateln\u00fdch s mnohem dra\u017e\u0161\u00edmi pl\u00e1tny je mezi z\u00e1kazn\u00edky velmi obl\u00edben\u00e1. Polyesterovou textilii potiskujeme vysoce kvalitn\u00ed pigmentovou technologi\u00ed, kter\u00e1 zaru\u010duje maxim\u00e1ln\u00ed kvalitu tisku, co\u017e nejv\u00edce ocen\u00edte p\u0159i tisku fotografi\u00ed.<\/p>\n<\/div><ul style=\"--awb-size:13px;--awb-line-height:22.1px;--awb-icon-width:22.1px;--awb-icon-height:22.1px;--awb-icon-margin:9.1px;--awb-content-margin:31.2px;--awb-circlecolor:#e91e63;--awb-circle-yes-font-size:11.44px;\" class=\"fusion-checklist fusion-checklist-1 fusion-checklist-default type-icons\"><li class=\"fusion-li-item\" style=\"\"><span class=\"icon-wrapper circle-yes\"><i class=\"fusion-li-icon fa-arrow-right fas\" aria-hidden=\"true\"><\/i><\/span><div class=\"fusion-li-item-content\">\n<p>V\u00fdhodn\u00e1 cena<\/p>\n<\/div><\/li><li class=\"fusion-li-item\" style=\"\"><span class=\"icon-wrapper circle-yes\"><i class=\"fusion-li-icon fa-arrow-right fas\" aria-hidden=\"true\"><\/i><\/span><div class=\"fusion-li-item-content\">\n<p>Odoln\u00fd materi\u00e1l s dlouhou \u017eivotnost\u00ed<\/p>\n<\/div><\/li><li class=\"fusion-li-item\" style=\"\"><span class=\"icon-wrapper circle-yes\"><i class=\"fusion-li-icon fa-arrow-right fas\" aria-hidden=\"true\"><\/i><\/span><div class=\"fusion-li-item-content\">\n<p>Vysoce v\u011brn\u00e1 reprodukce fotografi\u00ed<\/p>\n<\/div><\/li><\/ul><div class=\"fusion-sep-clear\"><\/div><div class=\"fusion-separator fusion-full-width-sep\" style=\"margin-left: auto;margin-right: auto;margin-bottom:2%;width:100%;\"><\/div><div class=\"fusion-sep-clear\"><\/div><div class=\"fusion-text fusion-text-2\"><h2 class=\"fusion-responsive-typography-calculated\" style=\"--fontsize: 28; line-height: 1.5;\" data-fontsize=\"28\" data-lineheight=\"42px\"><span style=\"color: #ff99cc;\">Cena s tiskem 684 K\u010d\/m\u00b2<\/span><\/h2>\n<\/div><div class=\"fusion-alignleft\"><a class=\"fusion-button button-flat button-xlarge button-default fusion-button-default button-2 fusion-button-default-span fusion-button-default-type\" target=\"_self\" href=\"http:\/\/fotonet.cz\/wordpress\/proc-fotonet\/materialy\/\"><i class=\"fa-arrow-left fas awb-button__icon awb-button__icon--default button-icon-left\" aria-hidden=\"true\"><\/i><span class=\"fusion-button-text awb-button__text awb-button__text--default\">MATERI\u00c1LY<\/span><\/a><\/div><div class=\"fusion-clearfix\"><\/div><\/div><\/div><\/div><\/div>\n","protected":false},"excerpt":{"rendered":"","protected":false},"author":6,"featured_media":15254,"menu_order":32,"comment_status":"open","ping_status":"closed","template":"","format":"standard","meta":{"footnotes":""},"portfolio_category":[84],"portfolio_skills":[],"portfolio_tags":[],"class_list":["post-13173","avada_portfolio","type-avada_portfolio","status-publish","format-standard","has-post-thumbnail","hentry","portfolio_category-tiskove_materialy"],"_links":{"self":[{"href":"https:\/\/fotonet.cz\/wordpress\/wp-json\/wp\/v2\/avada_portfolio\/13173","targetHints":{"allow":["GET"]}}],"collection":[{"href":"https:\/\/fotonet.cz\/wordpress\/wp-json\/wp\/v2\/avada_portfolio"}],"about":[{"href":"https:\/\/fotonet.cz\/wordpress\/wp-json\/wp\/v2\/types\/avada_portfolio"}],"author":[{"embeddable":true,"href":"https:\/\/fotonet.cz\/wordpress\/wp-json\/wp\/v2\/users\/6"}],"replies":[{"embeddable":true,"href":"https:\/\/fotonet.cz\/wordpress\/wp-json\/wp\/v2\/comments?post=13173"}],"version-history":[{"count":7,"href":"https:\/\/fotonet.cz\/wordpress\/wp-json\/wp\/v2\/avada_portfolio\/13173\/revisions"}],"predecessor-version":[{"id":15255,"href":"https:\/\/fotonet.cz\/wordpress\/wp-json\/wp\/v2\/avada_portfolio\/13173\/revisions\/15255"}],"wp:featuredmedia":[{"embeddable":true,"href":"https:\/\/fotonet.cz\/wordpress\/wp-json\/wp\/v2\/media\/15254"}],"wp:attachment":[{"href":"https:\/\/fotonet.cz\/wordpress\/wp-json\/wp\/v2\/media?parent=13173"}],"wp:term":[{"taxonomy":"portfolio_category","embeddable":true,"href":"https:\/\/fotonet.cz\/wordpress\/wp-json\/wp\/v2\/portfolio_category?post=13173"},{"taxonomy":"portfolio_skills","embeddable":true,"href":"https:\/\/fotonet.cz\/wordpress\/wp-json\/wp\/v2\/portfolio_skills?post=13173"},{"taxonomy":"portfolio_tags","embeddable":true,"href":"https:\/\/fotonet.cz\/wordpress\/wp-json\/wp\/v2\/portfolio_tags?post=13173"}],"curies":[{"name":"wp","href":"https:\/\/api.w.org\/{rel}","templated":true}]}}

Textilie polyesterová 260 g

<div class="fusion-fullwidth fullwidth-box fusion-builder-row-1 nonhundred-percent-fullwidth non-hundred-percent-height-scrolling" style="--awb-border-radius-top-left:0px;--awb-border-radius-top-right:0px;--awb-border-radius-bottom-right:0px;--awb-border-radius-bottom-left:0px;--awb-padding-top:4%;--awb-padding-right:4%;--awb-padding-bottom:4%;--awb-padding-left:4%;--awb-flex-wrap:wrap;" ><div class="fusion-builder-row fusion-row"><div class="fusion-layout-column fusion_builder_column fusion-builder-column-0 fusion_builder_column_1_2 1_2 fusion-one-half fusion-column-first" style="--awb-bg-size:cover;width:50%;width:calc(50% - ( ( 4% ) * 0.5 ) );margin-right: 4%;"><div class="fusion-column-wrapper fusion-flex-column-wrapper-legacy"><div class="fusion-image-carousel fusion-image-carousel-auto fusion-image-carousel-1 lightbox-enabled"><div class="awb-carousel awb-swiper awb-swiper-carousel awb-carousel--carousel awb-swiper-dots-position-bottom" data-layout="carousel" data-autoplay="no" data-autoplayspeed="2500" data-autoplaypause="no" data-columns="1" data-columnsmedium="1" data-columnssmall="1" data-itemmargin="13" data-itemwidth="180" data-touchscroll="no" data-freemode="no" data-imagesize="auto" data-scrollitems="0" data-centeredslides="no" data-rotationangle="50" data-depth="100" data-speed="500" data-shadow="no" data-pagination="bullets" style="--awb-columns:1;"><div class="swiper-wrapper awb-image-carousel-wrapper fusion-flex-align-items-center"><div class="swiper-slide"><div class="fusion-carousel-item-wrapper"><div class="fusion-image-wrapper hover-type-none"><a data-rel="iLightbox[image_carousel_1]" data-title="textilie_polyesterova_230g" aria-label="textilie_polyesterova_230g" href="http://fotonet.cz/wordpress/wp-content/uploads/2020/05/textilie_polyesterova_230g.jpg" target="_self"><img decoding="async" width="1920" height="1080" src="https://fotonet.cz/wordpress/wp-content/uploads/2020/05/textilie_polyesterova_230g.jpg" class="attachment-full size-full" alt="" srcset="https://fotonet.cz/wordpress/wp-content/uploads/2020/05/textilie_polyesterova_230g-200x113.jpg 200w, https://fotonet.cz/wordpress/wp-content/uploads/2020/05/textilie_polyesterova_230g-300x169.jpg 300w, https://fotonet.cz/wordpress/wp-content/uploads/2020/05/textilie_polyesterova_230g-400x225.jpg 400w, https://fotonet.cz/wordpress/wp-content/uploads/2020/05/textilie_polyesterova_230g-600x338.jpg 600w, https://fotonet.cz/wordpress/wp-content/uploads/2020/05/textilie_polyesterova_230g-768x432.jpg 768w, https://fotonet.cz/wordpress/wp-content/uploads/2020/05/textilie_polyesterova_230g-800x450.jpg 800w, https://fotonet.cz/wordpress/wp-content/uploads/2020/05/textilie_polyesterova_230g-1024x576.jpg 1024w, https://fotonet.cz/wordpress/wp-content/uploads/2020/05/textilie_polyesterova_230g-1200x675.jpg 1200w, https://fotonet.cz/wordpress/wp-content/uploads/2020/05/textilie_polyesterova_230g-1536x864.jpg 1536w, https://fotonet.cz/wordpress/wp-content/uploads/2020/05/textilie_polyesterova_230g.jpg 1920w" sizes="(max-width: 1920px) 100vw, 1920px" /></a></div></div></div><div class="swiper-slide"><div class="fusion-carousel-item-wrapper"><div class="fusion-image-wrapper hover-type-none"><a data-rel="iLightbox[image_carousel_1]" data-title="260_textilie_polyesterova" aria-label="260_textilie_polyesterova" href="http://fotonet.cz/wordpress/wp-content/uploads/2019/06/260_textilie_polyesterova.jpg" target="_self"><img decoding="async" width="1417" height="797" src="https://fotonet.cz/wordpress/wp-content/uploads/2019/06/260_textilie_polyesterova.jpg" class="attachment-full size-full" alt="" srcset="https://fotonet.cz/wordpress/wp-content/uploads/2019/06/260_textilie_polyesterova-200x112.jpg 200w, https://fotonet.cz/wordpress/wp-content/uploads/2019/06/260_textilie_polyesterova-300x169.jpg 300w, https://fotonet.cz/wordpress/wp-content/uploads/2019/06/260_textilie_polyesterova-400x225.jpg 400w, https://fotonet.cz/wordpress/wp-content/uploads/2019/06/260_textilie_polyesterova-600x337.jpg 600w, https://fotonet.cz/wordpress/wp-content/uploads/2019/06/260_textilie_polyesterova-768x432.jpg 768w, https://fotonet.cz/wordpress/wp-content/uploads/2019/06/260_textilie_polyesterova-800x450.jpg 800w, https://fotonet.cz/wordpress/wp-content/uploads/2019/06/260_textilie_polyesterova-1024x576.jpg 1024w, https://fotonet.cz/wordpress/wp-content/uploads/2019/06/260_textilie_polyesterova-1200x675.jpg 1200w, https://fotonet.cz/wordpress/wp-content/uploads/2019/06/260_textilie_polyesterova.jpg 1417w" sizes="(max-width: 1417px) 100vw, 1417px" /></a></div></div></div><div class="swiper-slide"><div class="fusion-carousel-item-wrapper"><div class="fusion-image-wrapper hover-type-none"><a data-rel="iLightbox[image_carousel_1]" data-title="260_textilie_polyesterova_zadek" aria-label="260_textilie_polyesterova_zadek" href="http://fotonet.cz/wordpress/wp-content/uploads/2019/06/260_textilie_polyesterova_zadek.jpg" target="_self"><img decoding="async" width="1417" height="797" src="https://fotonet.cz/wordpress/wp-content/uploads/2019/06/260_textilie_polyesterova_zadek.jpg" class="attachment-full size-full" alt="" srcset="https://fotonet.cz/wordpress/wp-content/uploads/2019/06/260_textilie_polyesterova_zadek-200x112.jpg 200w, https://fotonet.cz/wordpress/wp-content/uploads/2019/06/260_textilie_polyesterova_zadek-300x169.jpg 300w, https://fotonet.cz/wordpress/wp-content/uploads/2019/06/260_textilie_polyesterova_zadek-400x225.jpg 400w, https://fotonet.cz/wordpress/wp-content/uploads/2019/06/260_textilie_polyesterova_zadek-600x337.jpg 600w, https://fotonet.cz/wordpress/wp-content/uploads/2019/06/260_textilie_polyesterova_zadek-768x432.jpg 768w, https://fotonet.cz/wordpress/wp-content/uploads/2019/06/260_textilie_polyesterova_zadek-800x450.jpg 800w, https://fotonet.cz/wordpress/wp-content/uploads/2019/06/260_textilie_polyesterova_zadek-1024x576.jpg 1024w, https://fotonet.cz/wordpress/wp-content/uploads/2019/06/260_textilie_polyesterova_zadek-1200x675.jpg 1200w, https://fotonet.cz/wordpress/wp-content/uploads/2019/06/260_textilie_polyesterova_zadek.jpg 1417w" sizes="(max-width: 1417px) 100vw, 1417px" /></a></div></div></div></div><div class="awb-swiper-button awb-swiper-button-prev"><i class="awb-icon-angle-left" aria-hidden="true"></i></div><div class="awb-swiper-button awb-swiper-button-next"><i class="awb-icon-angle-right" aria-hidden="true"></i></div></div></div><div class="fusion-button-wrapper"><a class="fusion-button button-flat fusion-button-default-size button-default fusion-button-default button-1 fusion-button-default-span fusion-button-default-type" target="_self" href="http://fotonet.cz/wordpress/wp-content/uploads/2020/07/Fotonet_ICM_Canon_4000.zip"><i class="fa-arrow-down fas awb-button__icon awb-button__icon--default button-icon-left" aria-hidden="true"></i><span class="fusion-button-text awb-button__text awb-button__text--default">STÁHNOUT BAREVNÉ ICM PROFILY</span></a></div><div class="fusion-clearfix"></div></div></div><div class="fusion-layout-column fusion_builder_column fusion-builder-column-1 fusion_builder_column_1_2 1_2 fusion-one-half fusion-column-last" style="--awb-bg-size:cover;width:50%;width:calc(50% - ( ( 4% ) * 0.5 ) );"><div class="fusion-column-wrapper fusion-flex-column-wrapper-legacy"><div class="fusion-text fusion-text-1"><h2 class="fusion-responsive-typography-calculated" style="--fontsize: 28; line-height: 1.5;" data-fontsize="28" data-lineheight="42px">TEXTILIE POLYESTEROVÁ 260 g</h2>
<p>Univerzální textilie s gramáží 260 g/m2 a matným povrchem a decentní texturou pro umělecký tisk. Vzhledem k tomu, že i přes svoji nízkou cenu dosahuje výsledků srovnatelných s mnohem dražšími plátny je mezi zákazníky velmi oblíbená. Polyesterovou textilii potiskujeme vysoce kvalitní pigmentovou technologií, která zaručuje maximální kvalitu tisku, což nejvíce oceníte při tisku fotografií.</p>
</div><ul style="--awb-size:13px;--awb-line-height:22.1px;--awb-icon-width:22.1px;--awb-icon-height:22.1px;--awb-icon-margin:9.1px;--awb-content-margin:31.2px;--awb-circlecolor:#e91e63;--awb-circle-yes-font-size:11.44px;" class="fusion-checklist fusion-checklist-1 fusion-checklist-default type-icons"><li class="fusion-li-item" style=""><span class="icon-wrapper circle-yes"><i class="fusion-li-icon fa-arrow-right fas" aria-hidden="true"></i></span><div class="fusion-li-item-content">
<p>Výhodná cena</p>
</div></li><li class="fusion-li-item" style=""><span class="icon-wrapper circle-yes"><i class="fusion-li-icon fa-arrow-right fas" aria-hidden="true"></i></span><div class="fusion-li-item-content">
<p>Odolný materiál s dlouhou životností</p>
</div></li><li class="fusion-li-item" style=""><span class="icon-wrapper circle-yes"><i class="fusion-li-icon fa-arrow-right fas" aria-hidden="true"></i></span><div class="fusion-li-item-content">
<p>Vysoce věrná reprodukce fotografií</p>
</div></li></ul><div class="fusion-sep-clear"></div><div class="fusion-separator fusion-full-width-sep" style="margin-left: auto;margin-right: auto;margin-bottom:2%;width:100%;"></div><div class="fusion-sep-clear"></div><div class="fusion-text fusion-text-2"><h2 class="fusion-responsive-typography-calculated" style="--fontsize: 28; line-height: 1.5;" data-fontsize="28" data-lineheight="42px"><span style="color: #ff99cc;">Cena s tiskem 684 Kč/m²</span></h2>
</div><div class="fusion-alignleft"><a class="fusion-button button-flat button-xlarge button-default fusion-button-default button-2 fusion-button-default-span fusion-button-default-type" target="_self" href="http://fotonet.cz/wordpress/proc-fotonet/materialy/"><i class="fa-arrow-left fas awb-button__icon awb-button__icon--default button-icon-left" aria-hidden="true"></i><span class="fusion-button-text awb-button__text awb-button__text--default">MATERIÁLY</span></a></div><div class="fusion-clearfix"></div></div></div></div></div>
