{"id":14256,"date":"2020-06-07T19:45:33","date_gmt":"2020-06-07T17:45:33","guid":{"rendered":"http:\/\/fotonet.cz\/wordpress\/?page_id=14256"},"modified":"2020-09-28T16:42:13","modified_gmt":"2020-09-28T14:42:13","slug":"sprava-profilu-fotobank","status":"publish","type":"page","link":"https:\/\/fotonet.cz\/wordpress\/fotosluzby\/ostatni-sluzby\/sprava-profilu-fotobank\/","title":{"rendered":"Spr\u00e1va profil\u016f fotobank"},"content":{"rendered":"<div class=\"fusion-fullwidth fullwidth-box fusion-builder-row-1 nonhundred-percent-fullwidth non-hundred-percent-height-scrolling\" style=\"--awb-border-radius-top-left:0px;--awb-border-radius-top-right:0px;--awb-border-radius-bottom-right:0px;--awb-border-radius-bottom-left:0px;--awb-padding-top:0px;--awb-background-color:#293244;--awb-flex-wrap:wrap;\" ><div class=\"fusion-builder-row fusion-row\"><div class=\"fusion-layout-column fusion_builder_column fusion-builder-column-0 fusion_builder_column_1_1 1_1 fusion-one-full fusion-column-first fusion-column-last\" style=\"--awb-bg-size:cover;--awb-margin-top:2%;\"><div class=\"fusion-column-wrapper fusion-column-has-shadow fusion-flex-column-wrapper-legacy\"><div class=\"fusion-title title fusion-title-1 fusion-sep-none fusion-title-center fusion-title-text fusion-title-size-one\"><h1 class=\"fusion-title-heading title-heading-center fusion-responsive-typography-calculated\" style=\"margin:0;--fontSize:28;line-height:1.45;\">UK\u00c1\u017dEME VA\u0160E FOTKY CEL\u00c9MU SV\u011aTU<\/h1><\/div><div class=\"fusion-text fusion-text-1\"><p style=\"text-align: center;\">Je skv\u011bl\u00e9 v\u011bnovat se naplno tomu, co v\u00e1s bav\u00ed. Pro to ostatn\u00ed jsme tu my. V r\u00e1mci t\u00e9to slu\u017eby se postar\u00e1me o zalo\u017een\u00ed a spr\u00e1vu va\u0161ich profil\u016f na sv\u011btov\u00fdch fotobank\u00e1ch. Zp\u0159\u00edstupn\u00edme v\u00e1\u0161 fotoarchiv cel\u00e9mu sv\u011btu. \u0160et\u0159\u00edme v\u00e1\u0161 \u010das.<\/p>\n<\/div><div class=\"fusion-text fusion-text-2\"><\/div><div class=\"fusion-text fusion-text-3\"><\/div><div class=\"fusion-clearfix\"><\/div><\/div><\/div><div class=\"fusion-layout-column fusion_builder_column fusion-builder-column-1 fusion_builder_column_1_1 1_1 fusion-one-full fusion-column-first fusion-column-last\" style=\"--awb-bg-size:cover;--awb-margin-top:2%;\"><div class=\"fusion-column-wrapper fusion-column-has-shadow fusion-flex-column-wrapper-legacy\"><style type='text\/css'>\n\t\t\t\t.pricing-table-1.fusion-pricing-table .panel-container, .pricing-table-1.fusion-pricing-table .standout .panel-container,\n\t\t\t\t.pricing-table-1.full-boxed-pricing.fusion-pricing-table {background-color:#000000;}\n\t\t\t\t.pricing-table-1.fusion-pricing-table .list-group .list-group-item,\n\t\t\t\t.pricing-table-1.fusion-pricing-table .list-group .list-group-item:last-child{background-color:#000000; border-color:#494848;}\n\t\t\t\t.pricing-table-1.full-boxed-pricing.fusion-pricing-table .panel-wrapper:hover .panel-heading,\n\t\t\t\t.pricing-table-1.fusion-pricing-table .panel-wrapper:hover .list-group-item {background-color:#1c1c1c;}\n\t\t\t\t.pricing-table-1.full-boxed-pricing.fusion-pricing-table .panel-heading{background-color:#000000;}\n\t\t\t\t.pricing-table-1.fusion-pricing-table .fusion-panel, .pricing-table-1 .panel-wrapper:last-child .fusion-panel,\n\t\t\t\t.pricing-table-1.fusion-pricing-table .standout .fusion-panel, .pricing-table-1.fusion-pricing-table  .panel-heading,\n\t\t\t\t.pricing-table-1.fusion-pricing-table .panel-body, .pricing-table-1.fusion-pricing-table .panel-footer{border-color:#494848;}\n\t\t\t\t.pricing-table-1.fusion-pricing-table .panel-body, .pricing-table-1.fusion-pricing-table .panel-footer{background-color:#000000;}\n\t\t\t\t.pricing-table-1.sep-boxed-pricing.fusion-pricing-table .panel-heading h3{color:#ffffff;}\n\t\t\t\t.pricing-table-1.full-boxed-pricing.fusion-pricing-table .panel-heading h3{color:#AAA9A9;}\n\t\t\t\t.pricing-table-1.fusion-pricing-table .panel-body .price .decimal-part{color:#c4c4c4;}\n\t\t\t\t.pricing-table-1.fusion-pricing-table .panel-body .price .integer-part{color:#c4c4c4;}\n\t\t\t\t.pricing-table-1.fusion-pricing-table ul.list-group li{color:#aaa9a9;}\n\t\t\t\t<\/style><div class=\"fusion-pricing-table pricing-table-1 full-boxed-pricing row fusion-columns-4 columns-4 fusion-clearfix\"><div class=\"panel-wrapper fusion-column column col-lg-3 col-md-3 col-sm-3 fusion-pricingtable-column\"><div class=\"panel-container\"><div class=\"fusion-panel\"><div class=\"panel-heading\"><h3 class=\"title-row\">START<\/h3><\/div><div class=\"panel-body pricing-row\"><div class=\"price \"><span class=\"currency\">K\u010d<\/span><span class=\"integer-part\">1490<\/span><\/div><\/div><ul class=\"list-group\"><li class=\"list-group-item normal-row\">Zalo\u017een\u00ed 1 profilu na vybran\u00e9 fotobance<\/li><li class=\"list-group-item normal-row\">Nahr\u00e1n\u00ed a\u017e 500 fotografi\u00ed<\/li><li class=\"list-group-item normal-row\">Automatick\u00e9 generov\u00e1n\u00ed kl\u00ed\u010dov\u00fdch slov<\/li><\/ul><\/div><\/div><\/div><div class=\"panel-wrapper fusion-column column col-lg-3 col-md-3 col-sm-3 fusion-pricingtable-column\"><div class=\"panel-container\"><div class=\"fusion-panel\"><div class=\"panel-heading\"><h3 class=\"title-row\">BASIC<\/h3><\/div><div class=\"panel-body pricing-row\"><div class=\"price \"><span class=\"currency\">K\u010d<\/span><span class=\"integer-part\">2990<\/span><\/div><\/div><ul class=\"list-group\"><li class=\"list-group-item normal-row\">Zalo\u017een\u00ed 1 profilu na vybran\u00e9 fotobance<\/li><li class=\"list-group-item normal-row\">Nahr\u00e1n\u00ed a\u017e 2500 fotografi\u00ed<\/li><li class=\"list-group-item normal-row\">Automatick\u00e9 generov\u00e1n\u00ed kl\u00ed\u010dov\u00fdch slov<\/li><\/ul><\/div><\/div><\/div><div class=\"panel-wrapper fusion-column column col-lg-3 col-md-3 col-sm-3 standout fusion-pricingtable-column\"><div class=\"panel-container\"><div class=\"fusion-panel\"><div class=\"panel-heading\"><h3 class=\"title-row\">STANDARD<\/h3><\/div><div class=\"panel-body pricing-row\"><div class=\"price \"><span class=\"currency\">K\u010d<\/span><span class=\"integer-part\">3490<\/span><\/div><\/div><ul class=\"list-group\"><li class=\"list-group-item normal-row\">Zalo\u017een\u00ed a\u017e 5 profil\u016f na vybran\u00fdch fotobank\u00e1ch<\/li><li class=\"list-group-item normal-row\">Nahr\u00e1n\u00ed a\u017e 2500 fotografi\u00ed<\/li><li class=\"list-group-item normal-row\">Automatick\u00e9 a manu\u00e1ln\u00ed generov\u00e1n\u00ed kl\u00ed\u010dov\u00fdch slov<\/li><\/ul><\/div><\/div><\/div><div class=\"panel-wrapper fusion-column column col-lg-3 col-md-3 col-sm-3 fusion-pricingtable-column\"><div class=\"panel-container\"><div class=\"fusion-panel\"><div class=\"panel-heading\"><h3 class=\"title-row\">PREMIUM<\/h3><\/div><div class=\"panel-body pricing-row\"><div class=\"price \"><span class=\"currency\">K\u010d<\/span><span class=\"integer-part\">4990<\/span><\/div><\/div><ul class=\"list-group\"><li class=\"list-group-item normal-row\">Zalo\u017een\u00ed  a\u017e 10 profil\u016f na vybran\u00fdch fotobank\u00e1ch<\/li><li class=\"list-group-item normal-row\">Nahr\u00e1n\u00ed a\u017e 5000 fotografi\u00ed<\/li><li class=\"list-group-item normal-row\">Automatick\u00e9 a manu\u00e1ln\u00ed generov\u00e1n\u00ed kl\u00ed\u010dov\u00fdch slov<\/li><\/ul><\/div><\/div><\/div><\/div><div class=\"fusion-text fusion-text-4\"><\/div><div class=\"fusion-clearfix\"><\/div><\/div><\/div><div class=\"fusion-layout-column fusion_builder_column fusion-builder-column-2 fusion_builder_column_2_3 2_3 fusion-two-third fusion-column-first\" style=\"--awb-bg-size:cover;--awb-margin-top:0%;--awb-margin-bottom:0px;width:66.6666666667%;width:calc(66.6666666667% - ( ( 4% ) * 0.666666666667 ) );margin-right: 4%;\"><div class=\"fusion-column-wrapper fusion-column-has-shadow fusion-flex-column-wrapper-legacy\"><div class=\"fusion-text fusion-text-5\"><\/div><div class=\"fusion-reading-box-container reading-box-container-1\" style=\"--awb-title-color:#ffffff;--awb-margin-top:0px;--awb-margin-bottom:4%;\"><div class=\"reading-box reading-box-center\" style=\"background-color:#000000;border-width:1px;border-color:#3e3e3e;border-top-width:3px;border-top-color:var(--primary_color);border-style:solid;\"><h2>BAL\u00cd\u010cEK INDIVIDUAL<\/h2><div class=\"reading-box-description fusion-reading-box-additional\">Zvolte si n\u011bkter\u00fd z bal\u00ed\u010dk\u016f, kter\u00fd nejl\u00e9pe odpov\u00edd\u00e1 va\u0161im pot\u0159eb\u00e1m a c\u00edl\u016fm. Zva\u017ete i rozsah va\u0161eho fotoarchivu. V p\u0159\u00edpad\u011b, \u017ee va\u0161e po\u017eadavky neodpov\u00eddaj\u00ed ani jednomu ze z\u00e1kladn\u00edch bal\u00ed\u010dk\u016f, r\u00e1di v\u00e1m p\u0159iprav\u00edme individu\u00e1ln\u00ed podm\u00ednky. <\/div><div class=\"fusion-clearfix\"><\/div><a class=\"button fusion-button button-default fusion-button-medium button-medium button-flat fusion-mobile-button continue-center\" style=\"-webkit-box-shadow:none;-moz-box-shadow:none;box-shadow:none;border-radius:2px 2px 2px 2px\" href=\"mailto:info@fotonet.cz\" target=\"_blank\" rel=\"noopener noreferrer\"><span>m\u00e1m z\u00e1jem<\/span><\/a><\/div><\/div><div class=\"fusion-reading-box-container reading-box-container-2\" style=\"--awb-title-color:#ffffff;--awb-margin-top:0px;--awb-margin-bottom:4%;\"><div class=\"reading-box reading-box-center\" style=\"background-color:#000000;border-width:1px;border-color:#3e3e3e;border-top-width:3px;border-top-color:var(--primary_color);border-style:solid;\"><h2>NAB\u00cdZ\u00cdME INDIVIDU\u00c1LN\u00cd I T\u00ddMOV\u00c1 \u0160KOLEN\u00cd A WORKSHOPY<\/h2><div class=\"reading-box-description fusion-reading-box-additional\">Vyu\u017eijte na\u0161\u00ed nab\u00eddky \u0161kolen\u00ed a workshop\u016f na t\u00e9ma prodej fotografi\u00ed. Nau\u010d\u00edme v\u00e1s v\u0161e, co je t\u0159eba k \u00fasp\u011b\u0161n\u00e9 publikaci fotografi\u00ed a triky jak co nejv\u00edc prod\u00e1vat.<\/div><div class=\"fusion-clearfix\"><\/div><a class=\"button fusion-button button-default fusion-button-medium button-medium button-flat fusion-mobile-button continue-center\" style=\"-webkit-box-shadow:none;-moz-box-shadow:none;box-shadow:none;border-radius:2px 2px 2px 2px\" href=\"mailto:info@fotonet.cz\" target=\"_blank\" rel=\"noopener noreferrer\"><span>m\u00e1m z\u00e1jem<\/span><\/a><\/div><\/div><div class=\"fusion-aligncenter\"><a class=\"fusion-button button-flat fusion-button-default-size button-default fusion-button-default button-1 fusion-button-default-span fusion-button-default-type\" target=\"_self\" href=\"http:\/\/fotonet.cz\/wordpress\/fotosluzby\/ostatni-sluzby\/\"><i class=\"fa-arrow-left fas awb-button__icon awb-button__icon--default button-icon-left\" aria-hidden=\"true\"><\/i><span class=\"fusion-button-text awb-button__text awb-button__text--default\">ZP\u011aT<\/span><\/a><\/div><div class=\"fusion-clearfix\"><\/div><\/div><\/div><div class=\"fusion-layout-column fusion_builder_column fusion-builder-column-3 fusion_builder_column_1_3 1_3 fusion-one-third fusion-column-last\" style=\"--awb-padding-top:6%;--awb-padding-right:6%;--awb-padding-bottom:6%;--awb-padding-left:6%;--awb-bg-color:#000000;--awb-bg-color-hover:#000000;--awb-bg-size:cover;--awb-margin-top:0%;width:33.3333333333%;width:calc(33.3333333333% - ( ( 4% ) * 0.333333333333 ) );\"><div class=\"fusion-column-wrapper fusion-column-has-shadow fusion-flex-column-wrapper-legacy\"><div class=\"fusion-text fusion-text-6\"><p style=\"text-align: center; font-size: 37px;\" data-fusion-font=\"true\"><span style=\"font-size: 35px;\" data-fusion-font=\"true\">OBJEDN\u00c1VKA<\/span><\/p>\n<\/div>\n<div class=\"wpcf7 no-js\" id=\"wpcf7-f14787-o1\" lang=\"cs-CZ\" dir=\"ltr\">\n<div class=\"screen-reader-response\"><p role=\"status\" aria-live=\"polite\" aria-atomic=\"true\"><\/p> <ul><\/ul><\/div>\n<form action=\"\/wordpress\/wp-json\/wp\/v2\/pages\/14256#wpcf7-f14787-o1\" method=\"post\" class=\"wpcf7-form init\" aria-label=\"Kontaktn\u00ed formul\u00e1\u0159\" novalidate=\"novalidate\" data-status=\"init\">\n<div style=\"display: none;\">\n<input type=\"hidden\" name=\"_wpcf7\" value=\"14787\" \/>\n<input type=\"hidden\" name=\"_wpcf7_version\" value=\"5.7.7\" \/>\n<input type=\"hidden\" name=\"_wpcf7_locale\" value=\"cs_CZ\" \/>\n<input type=\"hidden\" name=\"_wpcf7_unit_tag\" value=\"wpcf7-f14787-o1\" \/>\n<input type=\"hidden\" name=\"_wpcf7_container_post\" value=\"0\" \/>\n<input type=\"hidden\" name=\"_wpcf7_posted_data_hash\" value=\"\" \/>\n<input type=\"hidden\" name=\"_wpcf7_recaptcha_response\" value=\"\" \/>\n<\/div>\n<p><label> Zvolte bal\u00ed\u010dek (*)<br \/>\n<span class=\"wpcf7-form-control-wrap\" data-name=\"objednavam\"><select class=\"wpcf7-form-control wpcf7-select wpcf7-validates-as-required\" aria-required=\"true\" aria-invalid=\"false\" name=\"objednavam\"><option value=\"Start\">Start<\/option><option value=\"Basic\">Basic<\/option><option value=\"Standard\">Standard<\/option><option value=\"Premium\">Premium<\/option><option value=\"Individual\">Individual<\/option><\/select><\/span><\/label>\n<\/p>\n<p><label> Va\u0161e jm\u00e9no (*)<br \/>\n<span class=\"wpcf7-form-control-wrap\" data-name=\"jmeno\"><input size=\"40\" class=\"wpcf7-form-control wpcf7-text wpcf7-validates-as-required\" aria-required=\"true\" aria-invalid=\"false\" value=\"\" type=\"text\" name=\"jmeno\" \/><\/span> <\/label><br \/>\n<label> V\u00e1\u0161 e-mail (*)<br \/>\n<span class=\"wpcf7-form-control-wrap\" data-name=\"email\"><input size=\"40\" class=\"wpcf7-form-control wpcf7-text wpcf7-email wpcf7-validates-as-required wpcf7-validates-as-email\" aria-required=\"true\" aria-invalid=\"false\" value=\"\" type=\"email\" name=\"email\" \/><\/span> <\/label><br \/>\n<label> V\u00e1\u0161 telefon (*)<br \/>\n<span class=\"wpcf7-form-control-wrap\" data-name=\"telefon\"><input size=\"40\" class=\"wpcf7-form-control wpcf7-text wpcf7-tel wpcf7-validates-as-required wpcf7-validates-as-tel\" aria-required=\"true\" aria-invalid=\"false\" value=\"+420\" type=\"tel\" name=\"telefon\" \/><\/span> <\/label>\n<\/p>\n<p><label> Zp\u016fsob p\u0159ed\u00e1n\u00ed fotografi\u00ed (*)<br \/>\n<span class=\"wpcf7-form-control-wrap\" data-name=\"predani\"><select class=\"wpcf7-form-control wpcf7-select wpcf7-validates-as-required\" aria-required=\"true\" aria-invalid=\"false\" name=\"predani\"><option value=\"Datov\u00e9 \u00falo\u017ei\u0161t\u011b\">Datov\u00e9 \u00falo\u017ei\u0161t\u011b<\/option><option value=\"Osobn\u011b ti\u0161t\u011bn\u00e9\">Osobn\u011b ti\u0161t\u011bn\u00e9<\/option><option value=\"Osobn\u011b na pam\u011b\u0165ov\u00e9m m\u00e9diu\">Osobn\u011b na pam\u011b\u0165ov\u00e9m m\u00e9diu<\/option><option value=\"P\u0159epravn\u00ed slu\u017ebou ti\u0161t\u011bn\u00e9\">P\u0159epravn\u00ed slu\u017ebou ti\u0161t\u011bn\u00e9<\/option><option value=\"P\u0159epravn\u00ed slu\u017ebou na pam\u011b\u0165ov\u00e9m m\u00e9diu\">P\u0159epravn\u00ed slu\u017ebou na pam\u011b\u0165ov\u00e9m m\u00e9diu<\/option><\/select><\/span> <\/label><br \/>\n<label> Datov\u00e9 \u00falo\u017ei\u0161t\u011b - adresa<br \/>\n<span class=\"wpcf7-form-control-wrap\" data-name=\"uloziste\"><input size=\"40\" class=\"wpcf7-form-control wpcf7-text\" aria-invalid=\"false\" value=\"\" type=\"text\" name=\"uloziste\" \/><\/span> <\/label><br \/>\n<label> P\u0159epravn\u00ed slu\u017eba a k\u00f3d z\u00e1silky<br \/>\n<span class=\"wpcf7-form-control-wrap\" data-name=\"preprava\"><input size=\"40\" class=\"wpcf7-form-control wpcf7-text\" aria-invalid=\"false\" value=\"\" type=\"text\" name=\"preprava\" \/><\/span> <\/label>\n<\/p>\n<p><label> Pozn\u00e1mka<br \/>\n<span class=\"wpcf7-form-control-wrap\" data-name=\"zprava\"><textarea cols=\"40\" rows=\"10\" class=\"wpcf7-form-control wpcf7-textarea\" aria-invalid=\"false\" name=\"zprava\"><\/textarea><\/span> <\/label>\n<\/p>\n<p>* Pole je nutn\u00e9 vyplnit.\n<\/p>\n<p><span class=\"wpcf7-form-control-wrap\" data-name=\"acceptance-864\"><span class=\"wpcf7-form-control wpcf7-acceptance\"><span class=\"wpcf7-list-item\"><label><input type=\"checkbox\" name=\"acceptance-864\" value=\"1\" aria-invalid=\"false\" \/><span class=\"wpcf7-list-item-label\">Souhlas\u00edm s obchodn\u00edmi podm\u00ednkami<\/span><\/label><\/span><\/span><\/span>\n<\/p>\n<p><input class=\"wpcf7-form-control has-spinner wpcf7-submit\" type=\"submit\" value=\"Odeslat\" \/>\n<\/p><div class=\"fusion-alert alert custom alert-custom fusion-alert-center wpcf7-response-output fusion-alert-capitalize awb-alert-native-link-color alert-dismissable awb-alert-close-boxed\" style=\"--awb-border-size:1px;--awb-border-top-left-radius:0px;--awb-border-top-right-radius:0px;--awb-border-bottom-left-radius:0px;--awb-border-bottom-right-radius:0px;\" role=\"alert\"><div class=\"fusion-alert-content-wrapper\"><span class=\"fusion-alert-content\"><\/span><\/div><button type=\"button\" class=\"close toggle-alert\" data-dismiss=\"alert\" aria-label=\"Zav\u0159\u00edt\">&times;<\/button><\/div>\n<\/form>\n<\/div>\n<div class=\"fusion-clearfix\"><\/div><\/div><\/div><\/div><\/div>\n","protected":false},"excerpt":{"rendered":"","protected":false},"author":6,"featured_media":0,"parent":11840,"menu_order":0,"comment_status":"closed","ping_status":"closed","template":"","meta":{"footnotes":""},"class_list":["post-14256","page","type-page","status-publish","hentry"],"_links":{"self":[{"href":"https:\/\/fotonet.cz\/wordpress\/wp-json\/wp\/v2\/pages\/14256","targetHints":{"allow":["GET"]}}],"collection":[{"href":"https:\/\/fotonet.cz\/wordpress\/wp-json\/wp\/v2\/pages"}],"about":[{"href":"https:\/\/fotonet.cz\/wordpress\/wp-json\/wp\/v2\/types\/page"}],"author":[{"embeddable":true,"href":"https:\/\/fotonet.cz\/wordpress\/wp-json\/wp\/v2\/users\/6"}],"replies":[{"embeddable":true,"href":"https:\/\/fotonet.cz\/wordpress\/wp-json\/wp\/v2\/comments?post=14256"}],"version-history":[{"count":26,"href":"https:\/\/fotonet.cz\/wordpress\/wp-json\/wp\/v2\/pages\/14256\/revisions"}],"predecessor-version":[{"id":14795,"href":"https:\/\/fotonet.cz\/wordpress\/wp-json\/wp\/v2\/pages\/14256\/revisions\/14795"}],"up":[{"embeddable":true,"href":"https:\/\/fotonet.cz\/wordpress\/wp-json\/wp\/v2\/pages\/11840"}],"wp:attachment":[{"href":"https:\/\/fotonet.cz\/wordpress\/wp-json\/wp\/v2\/media?parent=14256"}],"curies":[{"name":"wp","href":"https:\/\/api.w.org\/{rel}","templated":true}]}}