{"id":14260,"date":"2020-06-07T19:48:14","date_gmt":"2020-06-07T17:48:14","guid":{"rendered":"http:\/\/fotonet.cz\/wordpress\/?page_id=14260"},"modified":"2020-09-28T16:48:37","modified_gmt":"2020-09-28T14:48:37","slug":"trideni-a-katalogizace","status":"publish","type":"page","link":"https:\/\/fotonet.cz\/wordpress\/fotosluzby\/ostatni-sluzby\/trideni-a-katalogizace\/","title":{"rendered":"T\u0159\u00edd\u011bn\u00ed a katalogizace"},"content":{"rendered":"<p><div class=\"fusion-fullwidth fullwidth-box fusion-builder-row-1 nonhundred-percent-fullwidth non-hundred-percent-height-scrolling\" style=\"--awb-border-radius-top-left:0px;--awb-border-radius-top-right:0px;--awb-border-radius-bottom-right:0px;--awb-border-radius-bottom-left:0px;--awb-padding-top:0px;--awb-padding-bottom:2%;--awb-background-color:#293244;--awb-flex-wrap:wrap;\" ><div class=\"fusion-builder-row fusion-row\"><div class=\"fusion-layout-column fusion_builder_column fusion-builder-column-0 fusion_builder_column_1_1 1_1 fusion-one-full fusion-column-first fusion-column-last\" style=\"--awb-bg-size:cover;--awb-margin-top:2%;\"><div class=\"fusion-column-wrapper fusion-column-has-shadow fusion-flex-column-wrapper-legacy\"><div class=\"fusion-title title fusion-title-1 fusion-sep-none fusion-title-center fusion-title-text fusion-title-size-one\"><h1 class=\"fusion-title-heading title-heading-center fusion-responsive-typography-calculated\" style=\"margin:0;--fontSize:28;line-height:1.45;\">JE D\u016eLE\u017dIT\u00c9 M\u00cdT VE V\u011aCECH \u0158\u00c1D A PO\u0158\u00c1DEK<\/h1><\/div><div class=\"fusion-text fusion-text-1\"><p style=\"text-align: center;\">Fot\u00edte jak o \u017eivot a ka\u017ed\u00fd t\u00fdden se v\u00e1m kup\u00ed megabajty dat. Rok od roku si opakovan\u011b \u0159\u00edk\u00e1te, jak si na to jednou sednete a v\u0161e proberete, vyt\u0159\u00edd\u00edte, proma\u017eete a hezky p\u0159ehledn\u011b uspo\u0159\u00e1d\u00e1te. Nyn\u00ed to ji\u017e odkl\u00e1dat nemus\u00edte. Sv\u011b\u0159te sv\u016fj archiv do na\u0161ich rukou. <\/p>\n<\/div><div class=\"fusion-text fusion-text-2\"><\/div><div class=\"fusion-clearfix\"><\/div><\/div><\/div><div class=\"fusion-layout-column fusion_builder_column fusion-builder-column-1 fusion_builder_column_2_3 2_3 fusion-two-third fusion-column-first\" style=\"--awb-bg-size:cover;--awb-margin-top:0%;--awb-margin-bottom:0px;width:66.6666666667%;width:calc(66.6666666667% - ( ( 4% ) * 0.666666666667 ) );margin-right: 4%;\"><div class=\"fusion-column-wrapper fusion-column-has-shadow fusion-flex-column-wrapper-legacy\"><div class=\"fusion-text fusion-text-3\"><\/div><div class=\"fusion-title title fusion-title-2 fusion-sep-none fusion-title-text fusion-title-size-two\"><h2 class=\"fusion-title-heading title-heading-left fusion-responsive-typography-calculated\" style=\"margin:0;--fontSize:28;line-height:1.5;\"><p style=\"text-align: left;\"><span style=\"color: #999999;\">CO S VA\u0160\u00cdM ARCHIVEM UD\u011aL\u00c1ME<\/span><\/p><\/h2><\/div><ul style=\"--awb-line-height:23.8px;--awb-icon-width:23.8px;--awb-icon-height:23.8px;--awb-icon-margin:9.8px;--awb-content-margin:33.6px;--awb-circlecolor:#9e9e9e;--awb-circle-yes-font-size:12.32px;\" class=\"fusion-checklist fusion-checklist-1 fusion-checklist-default type-icons\"><li class=\"fusion-li-item\" style=\"\"><span class=\"icon-wrapper circle-yes\"><i class=\"fusion-li-icon fa-arrow-right fas\" aria-hidden=\"true\"><\/i><\/span><div class=\"fusion-li-item-content\">\n<p>Odstran\u00edme duplicitn\u00ed soubory<\/p>\n<\/div><\/li><li class=\"fusion-li-item\" style=\"\"><span class=\"icon-wrapper circle-yes\"><i class=\"fusion-li-icon fa-arrow-right fas\" aria-hidden=\"true\"><\/i><\/span><div class=\"fusion-li-item-content\">\n<p>Odstran\u00edme po\u0161kozen\u00e9 soubory<\/p>\n<\/div><\/li><li class=\"fusion-li-item\" style=\"\"><span class=\"icon-wrapper circle-yes\"><i class=\"fusion-li-icon fa-arrow-right fas\" aria-hidden=\"true\"><\/i><\/span><div class=\"fusion-li-item-content\">\n<p>Vyvol\u00e1me nativn\u00ed RAW soubory do JPG nebo TIFF<\/p>\n<\/div><\/li><li class=\"fusion-li-item\" style=\"\"><span class=\"icon-wrapper circle-yes\"><i class=\"fusion-li-icon fa-arrow-right fas\" aria-hidden=\"true\"><\/i><\/span><div class=\"fusion-li-item-content\">\n<p>Vyt\u0159\u00edd\u00edme podobn\u00e9 sn\u00edmky a zachov\u00e1me jen nejlep\u0161\u00ed<\/p>\n<\/div><\/li><li class=\"fusion-li-item\" style=\"\"><span class=\"icon-wrapper circle-yes\"><i class=\"fusion-li-icon fa-arrow-right fas\" aria-hidden=\"true\"><\/i><\/span><div class=\"fusion-li-item-content\">\n<p>Dopln\u00edme kl\u00ed\u010dov\u00e1 slova usnad\u0148uj\u00edc\u00ed vyhled\u00e1v\u00e1n\u00ed<\/p>\n<\/div><\/li><li class=\"fusion-li-item\" style=\"\"><span class=\"icon-wrapper circle-yes\"><i class=\"fusion-li-icon fa-arrow-right fas\" aria-hidden=\"true\"><\/i><\/span><div class=\"fusion-li-item-content\">\n<p>Rozd\u0159\u00edd\u00edme a rozslo\u017ekujeme fotografie dle \u010dasu, m\u00edsta, t\u00e9matu<\/p>\n<\/div><\/li><li class=\"fusion-li-item\" style=\"\"><span class=\"icon-wrapper circle-yes\"><i class=\"fusion-li-icon fa-arrow-right fas\" aria-hidden=\"true\"><\/i><\/span><div class=\"fusion-li-item-content\">\n<p>Ohodnot\u00edme sn\u00edmky ve slo\u017ek\u00e1ch dle kvality proveden\u00ed<\/p>\n<\/div><\/li><li class=\"fusion-li-item\" style=\"\"><span class=\"icon-wrapper circle-yes\"><i class=\"fusion-li-icon fa-arrow-right fas\" aria-hidden=\"true\"><\/i><\/span><div class=\"fusion-li-item-content\">\n<p>Dopln\u00edme copyrighty pro zabezpe\u010den\u00ed va\u0161ich fotografi\u00ed<\/p>\n<\/div><\/li><\/ul><div class=\"fusion-sep-clear\"><\/div><div class=\"fusion-separator fusion-full-width-sep\" style=\"margin-left: auto;margin-right: auto;margin-top:2%;margin-bottom:2%;width:100%;\"><\/div><div class=\"fusion-sep-clear\"><\/div><div class=\"fusion-title title fusion-title-3 fusion-sep-none fusion-title-text fusion-title-size-two\"><h2 class=\"fusion-title-heading title-heading-left fusion-responsive-typography-calculated\" style=\"margin:0;--fontSize:28;line-height:1.5;\"><span style=\"color: #999999;\">CENOV\u00c9 BAL\u00cd\u010cKY<\/span><\/h2><\/div>\n<div class=\"table-2\">\n<table width=\"100%\">\n<thead>\n<tr>\n<th align=\"left\">Po\u010det soubor\u016f v archivu<\/th>\n<th align=\"left\">Cena za slu\u017ebu<\/th>\n<\/tr>\n<\/thead>\n<tbody>\n<tr>\n<td align=\"left\">500 &#8211; 1000 ks<\/td>\n<td align=\"left\">4 000<\/td>\n<\/tr>\n<tr>\n<td align=\"left\">1001 &#8211; 2000 ks<\/td>\n<td align=\"left\">6 000<\/td>\n<\/tr>\n<tr>\n<td align=\"left\">2001 &#8211; 5000 ks<\/td>\n<td align=\"left\">8 000<\/td>\n<\/tr>\n<tr>\n<td align=\"left\">5001 &#8211; 10 000 ks<\/td>\n<td align=\"left\">10 000<\/td>\n<\/tr>\n<tr>\n<td align=\"left\">10 001 &#8211; 20 000 ks<\/td>\n<td align=\"left\">12 000<\/td>\n<\/tr>\n<tr>\n<td align=\"left\">20 001 &#8211; 50 000 ks<\/td>\n<td align=\"left\">14 000<\/td>\n<\/tr>\n<tr>\n<td align=\"left\">50 001 &#8211; a v\u00edce ks<\/td>\n<td align=\"left\">16 000<\/td>\n<\/tr>\n<\/tbody>\n<\/table>\n<p style=\"text-align: center;\">Ceny jsou uvedeny v K\u010d v\u010detn\u011b DPH.<\/p>\n<\/div>\n<div class=\"fusion-sep-clear\"><\/div><div class=\"fusion-separator fusion-full-width-sep\" style=\"margin-left: auto;margin-right: auto;margin-top:1%;margin-bottom:1%;width:100%;\"><\/div><div class=\"fusion-sep-clear\"><\/div><div class=\"fusion-sep-clear\"><\/div><div class=\"fusion-separator fusion-full-width-sep\" style=\"margin-left: auto;margin-right: auto;margin-top:1%;margin-bottom:1%;width:100%;\"><\/div><div class=\"fusion-sep-clear\"><\/div><div class=\"fusion-reading-box-container reading-box-container-1\" style=\"--awb-title-color:#ffffff;--awb-margin-top:0px;--awb-margin-bottom:2%;\"><div class=\"reading-box reading-box-center\" style=\"background-color:#000000;border-width:1px;border-color:#3e3e3e;border-top-width:3px;border-top-color:var(--primary_color);border-style:solid;\"><h2>SPR\u00c1VA PROFIL\u016e FOTBANK<\/h2><div class=\"reading-box-description fusion-reading-box-additional\">Nep\u0159ehl\u00e9dn\u011bte na\u0161\u00ed dal\u0161\u00ed slu\u017ebu SPR\u00c1VA PROFIL\u016e FOTOBANK. Pom\u016f\u017eeme v\u00e1m vyd\u011bl\u00e1vat pen\u00edze. Uk\u00e1\u017eeme va\u0161\u00ed pr\u00e1ci sv\u011btu. Vytvo\u0159\u00edme a budeme spravovat va\u0161e portfolio na sv\u011btov\u00fdch fotobank\u00e1ch. <\/div><div class=\"fusion-clearfix\"><\/div><a class=\"button fusion-button button-default fusion-button-medium button-medium button-flat fusion-mobile-button continue-center\" style=\"-webkit-box-shadow:none;-moz-box-shadow:none;box-shadow:none;border-radius:2px 2px 2px 2px\" href=\"mailto:info@fotonet.cz\" target=\"_blank\" rel=\"noopener noreferrer\"><span>m\u00e1m z\u00e1jem<\/span><\/a><\/div><\/div><div class=\"fusion-clearfix\"><\/div><\/div><\/div><div class=\"fusion-layout-column fusion_builder_column fusion-builder-column-2 fusion_builder_column_1_3 1_3 fusion-one-third fusion-column-last\" style=\"--awb-padding-top:6%;--awb-padding-right:6%;--awb-padding-bottom:6%;--awb-padding-left:6%;--awb-bg-color:#000000;--awb-bg-color-hover:#000000;--awb-bg-size:cover;--awb-margin-top:0%;width:33.3333333333%;width:calc(33.3333333333% - ( ( 4% ) * 0.333333333333 ) );\"><div class=\"fusion-column-wrapper fusion-column-has-shadow fusion-flex-column-wrapper-legacy\"><div class=\"fusion-text fusion-text-4\"><p style=\"text-align: center; font-size: 37px;\" data-fusion-font=\"true\"><span style=\"font-size: 35px;\" data-fusion-font=\"true\">OBJEDN\u00c1VKA<\/span><\/p>\n<\/div>\n<div class=\"wpcf7 no-js\" id=\"wpcf7-f14272-o1\" lang=\"cs-CZ\" dir=\"ltr\">\n<div class=\"screen-reader-response\"><p role=\"status\" aria-live=\"polite\" aria-atomic=\"true\"><\/p> <ul><\/ul><\/div>\n<form action=\"\/wordpress\/wp-json\/wp\/v2\/pages\/14260#wpcf7-f14272-o1\" method=\"post\" class=\"wpcf7-form init\" aria-label=\"Kontaktn\u00ed formul\u00e1\u0159\" novalidate=\"novalidate\" data-status=\"init\">\n<div style=\"display: none;\">\n<input type=\"hidden\" name=\"_wpcf7\" value=\"14272\" \/>\n<input type=\"hidden\" name=\"_wpcf7_version\" value=\"5.7.7\" \/>\n<input type=\"hidden\" name=\"_wpcf7_locale\" value=\"cs_CZ\" \/>\n<input type=\"hidden\" name=\"_wpcf7_unit_tag\" value=\"wpcf7-f14272-o1\" \/>\n<input type=\"hidden\" name=\"_wpcf7_container_post\" value=\"0\" \/>\n<input type=\"hidden\" name=\"_wpcf7_posted_data_hash\" value=\"\" \/>\n<input type=\"hidden\" name=\"_wpcf7_recaptcha_response\" value=\"\" \/>\n<\/div>\n<p>Velikost archivu<br \/>\n<span class=\"wpcf7-form-control-wrap\" data-name=\"objednavam\"><select class=\"wpcf7-form-control wpcf7-select wpcf7-validates-as-required\" aria-required=\"true\" aria-invalid=\"false\" name=\"objednavam\"><option value=\"Archiv 1-1000\">Archiv 1-1000<\/option><option value=\"Archiv 1001-2000\">Archiv 1001-2000<\/option><option value=\"Archiv 2001-5000\">Archiv 2001-5000<\/option><option value=\"Archivu 5001-10000\">Archivu 5001-10000<\/option><option value=\"Archiv 10001-20000\">Archiv 10001-20000<\/option><option value=\"Archiv 20001-50000\">Archiv 20001-50000<\/option><option value=\"Archiv 50001 a v\u00edce\">Archiv 50001 a v\u00edce<\/option><\/select><\/span><br \/>\nZp\u016fsob p\u0159ed\u00e1n\u00ed fotografi\u00ed<br \/>\n<span class=\"wpcf7-form-control-wrap\" data-name=\"predani\"><select class=\"wpcf7-form-control wpcf7-select wpcf7-validates-as-required\" aria-required=\"true\" aria-invalid=\"false\" name=\"predani\"><option value=\"Na disku - osobn\u011b\">Na disku - osobn\u011b<\/option><option value=\"Na disku - p\u0159epravn\u00ed slu\u017ebou\">Na disku - p\u0159epravn\u00ed slu\u017ebou<\/option><option value=\"Cloudov\u00e9 \u00falo\u017ei\u0161t\u011b\">Cloudov\u00e9 \u00falo\u017ei\u0161t\u011b<\/option><option value=\"Vzd\u00e1len\u00fd p\u0159\u00edstup na NAS server\">Vzd\u00e1len\u00fd p\u0159\u00edstup na NAS server<\/option><\/select><\/span><br \/>\n<label> P\u0159epravn\u00ed slu\u017eba a k\u00f3d z\u00e1silky<br \/>\n<span class=\"wpcf7-form-control-wrap\" data-name=\"preprava\"><input size=\"40\" class=\"wpcf7-form-control wpcf7-text\" aria-invalid=\"false\" value=\"\" type=\"text\" name=\"preprava\" \/><\/span> <\/label><br \/>\n<label> Adresa \u00falo\u017ei\u0161t\u011b nebo serveru<br \/>\n<span class=\"wpcf7-form-control-wrap\" data-name=\"uloziste\"><input size=\"40\" class=\"wpcf7-form-control wpcf7-text\" aria-invalid=\"false\" value=\"\" type=\"text\" name=\"uloziste\" \/><\/span> <\/label>\n<\/p>\n<p><label> Va\u0161e jm\u00e9no (*)<br \/>\n<span class=\"wpcf7-form-control-wrap\" data-name=\"jmeno\"><input size=\"40\" class=\"wpcf7-form-control wpcf7-text wpcf7-validates-as-required\" aria-required=\"true\" aria-invalid=\"false\" value=\"\" type=\"text\" name=\"jmeno\" \/><\/span> <\/label><br \/>\n<label> V\u00e1\u0161 e-mail (*)<br \/>\n<span class=\"wpcf7-form-control-wrap\" data-name=\"email\"><input size=\"40\" class=\"wpcf7-form-control wpcf7-text wpcf7-email wpcf7-validates-as-required wpcf7-validates-as-email\" aria-required=\"true\" aria-invalid=\"false\" value=\"\" type=\"email\" name=\"email\" \/><\/span> <\/label><br \/>\n<label> V\u00e1\u0161 telefon (*)<br \/>\n<span class=\"wpcf7-form-control-wrap\" data-name=\"telefon\"><input size=\"40\" class=\"wpcf7-form-control wpcf7-text wpcf7-tel wpcf7-validates-as-required wpcf7-validates-as-tel\" aria-required=\"true\" aria-invalid=\"false\" value=\"+420\" type=\"tel\" name=\"telefon\" \/><\/span> <\/label>\n<\/p>\n<p><label> Pozn\u00e1mka<br \/>\n<span class=\"wpcf7-form-control-wrap\" data-name=\"zprava\"><textarea cols=\"40\" rows=\"10\" class=\"wpcf7-form-control wpcf7-textarea\" aria-invalid=\"false\" name=\"zprava\"><\/textarea><\/span> <\/label>\n<\/p>\n<p>* Pole je nutn\u00e9 vyplnit.\n<\/p>\n<p><span class=\"wpcf7-form-control-wrap\" data-name=\"acceptance-864\"><span class=\"wpcf7-form-control wpcf7-acceptance\"><span class=\"wpcf7-list-item\"><label><input type=\"checkbox\" name=\"acceptance-864\" value=\"1\" aria-invalid=\"false\" \/><span class=\"wpcf7-list-item-label\">Souhlas\u00edm s obchodn\u00edmi podm\u00ednkami<\/span><\/label><\/span><\/span><\/span>\n<\/p>\n<p><input class=\"wpcf7-form-control has-spinner wpcf7-submit\" type=\"submit\" value=\"Odeslat\" \/>\n<\/p><div class=\"fusion-alert alert custom alert-custom fusion-alert-center wpcf7-response-output fusion-alert-capitalize awb-alert-native-link-color alert-dismissable awb-alert-close-boxed\" style=\"--awb-border-size:1px;--awb-border-top-left-radius:0px;--awb-border-top-right-radius:0px;--awb-border-bottom-left-radius:0px;--awb-border-bottom-right-radius:0px;\" role=\"alert\"><div class=\"fusion-alert-content-wrapper\"><span class=\"fusion-alert-content\"><\/span><\/div><button type=\"button\" class=\"close toggle-alert\" data-dismiss=\"alert\" aria-label=\"Zav\u0159\u00edt\">&times;<\/button><\/div>\n<\/form>\n<\/div>\n<div class=\"fusion-clearfix\"><\/div><\/div><\/div><\/div><\/div><div class=\"fusion-fullwidth fullwidth-box fusion-builder-row-2 nonhundred-percent-fullwidth non-hundred-percent-height-scrolling\" style=\"--awb-border-radius-top-left:0px;--awb-border-radius-top-right:0px;--awb-border-radius-bottom-right:0px;--awb-border-radius-bottom-left:0px;--awb-background-color:#293244;--awb-flex-wrap:wrap;\" ><div class=\"fusion-builder-row fusion-row\"><div class=\"fusion-layout-column fusion_builder_column fusion-builder-column-3 fusion_builder_column_1_1 1_1 fusion-one-full fusion-column-first fusion-column-last\" style=\"--awb-bg-size:cover;\"><div class=\"fusion-column-wrapper fusion-column-has-shadow fusion-flex-column-wrapper-legacy\"><div class=\"fusion-aligncenter\"><a class=\"fusion-button button-flat fusion-button-default-size button-default fusion-button-default button-1 fusion-button-default-span fusion-button-default-type\" target=\"_self\" href=\"http:\/\/fotonet.cz\/wordpress\/nabizime\/ostatni-sluzby\/\"><i class=\"fa-arrow-left fas awb-button__icon awb-button__icon--default button-icon-left\" aria-hidden=\"true\"><\/i><span class=\"fusion-button-text awb-button__text awb-button__text--default\">ZP\u011aT<\/span><\/a><\/div><div class=\"fusion-clearfix\"><\/div><\/div><\/div><\/div><\/div><\/p>\n","protected":false},"excerpt":{"rendered":"","protected":false},"author":6,"featured_media":0,"parent":11840,"menu_order":0,"comment_status":"closed","ping_status":"closed","template":"","meta":{"footnotes":""},"class_list":["post-14260","page","type-page","status-publish","hentry"],"_links":{"self":[{"href":"https:\/\/fotonet.cz\/wordpress\/wp-json\/wp\/v2\/pages\/14260","targetHints":{"allow":["GET"]}}],"collection":[{"href":"https:\/\/fotonet.cz\/wordpress\/wp-json\/wp\/v2\/pages"}],"about":[{"href":"https:\/\/fotonet.cz\/wordpress\/wp-json\/wp\/v2\/types\/page"}],"author":[{"embeddable":true,"href":"https:\/\/fotonet.cz\/wordpress\/wp-json\/wp\/v2\/users\/6"}],"replies":[{"embeddable":true,"href":"https:\/\/fotonet.cz\/wordpress\/wp-json\/wp\/v2\/comments?post=14260"}],"version-history":[{"count":12,"href":"https:\/\/fotonet.cz\/wordpress\/wp-json\/wp\/v2\/pages\/14260\/revisions"}],"predecessor-version":[{"id":14796,"href":"https:\/\/fotonet.cz\/wordpress\/wp-json\/wp\/v2\/pages\/14260\/revisions\/14796"}],"up":[{"embeddable":true,"href":"https:\/\/fotonet.cz\/wordpress\/wp-json\/wp\/v2\/pages\/11840"}],"wp:attachment":[{"href":"https:\/\/fotonet.cz\/wordpress\/wp-json\/wp\/v2\/media?parent=14260"}],"curies":[{"name":"wp","href":"https:\/\/api.w.org\/{rel}","templated":true}]}}